2967 - -3961. Calculate the highest common divisor of x and 70.
14
Suppose -2*o + 3*o + 3*l = 95, l + 5 = 0. Let x(g) = -g + 113. Let s be x(-22). Suppose -25 = 11*j - s. What is the greatest common factor of j and o?
10
Let r = -2947 - -3993. Calculate the highest common divisor of 8 and r.
2
Let b = 10613 + -10299. What is the greatest common factor of b and 12?
2
Let y = 11 - 7. Suppose -2*d = 3*q - 421, 4*q = q + 15. Suppose d - 47 = 3*k. Calculate the greatest common factor of y and k.
4
Suppose -3*a + 12*t + 4 = 17*t, 2*a + t = 12. Suppose -13*z + 3528 = a*z. What is the highest common divisor of z and 210?
42
Let r(b) = b + 12. Let y be r(14). Suppose 9582 = y*x - 4978. What is the greatest common factor of x and 35?
35
Let u be ((-55)/22)/(7/266*-1). Calculate the highest common factor of 11020 and u.
95
Let t(w) = -3*w**2 + 29*w + 8. Let y be t(7). Suppose -114 + 18 = -2*c. Calculate the highest common divisor of y and c.
16
Let b(a) = -a**3 - 9*a**2 - 3*a - 3. Let n be b(-7). Let u = n + 75. Let k be (-278)/u + (-8)/(-20). What is the greatest common divisor of k and 28?
28
Let n be (-1996)/10*1/(8/(-20)). Let g = n - 475. What is the highest common divisor of g and 276?
12
Suppose 0*q + 36 = 2*q. Let a = q - -1. Let f(o) = -3*o**3 - 85*o**2 + 67*o + 394. Let l be f(-29). What is the highest common factor of l and a?
19
Suppose 3*w - 189 = -2*o, 5*o - 522 = -359*w + 357*w. Calculate the highest common divisor of o and 2214.
54
Let s = 243 + -239. Suppose -r - 6*t = -5*t + 1, -3*r = s*t + 5. What is the greatest common divisor of r and 26?
1
Let d = -19 + 31. Let g be 4*-3*(-7)/84. Let b(h) = 49*h - 1. Let p be b(g). Calculate the greatest common divisor of d and p.
12
Let m(p) = 6*p**3 - 6*p**2 - 16*p. Let t be m(6). Calculate the highest common divisor of t and 82.
82
Let z(d) = d**2 - 3*d + 2. Let s be z(4). Suppose 12*k = 3*k + 10395. Suppose 68*w - k = -9*w. Calculate the highest common divisor of s and w.
3
Suppose 4*w - 5*w = 2*m - 270, 5*m + 5*w = 675. Let d = -10954 + 10999. Calculate the greatest common factor of d and m.
45
Let d = -303 + 63. Let u = 464 + d. Calculate the highest common factor of u and 28.
28
Let k(p) = 412*p**2 - 16. Let n be k(-2). Calculate the highest common divisor of 51 and n.
51
Let k be ((-10842)/(0 + 1))/(10/30*-6). Calculate the highest common factor of 78 and k.
39
Let f = 3814 - 2871. What is the greatest common divisor of 533 and f?
41
Suppose -201*s - 1200 = -217*s. Calculate the greatest common divisor of s and 735.
15
Suppose -27 = -5*j + i, 2*j - i - 4 = 8. Let q(t) = 15*t + 37. Let g be q(j). Calculate the greatest common divisor of g and 7.
7
Let s(k) = -8*k - 2. Let c be s(-2). Suppose 5*q - c - 51 = 3*j, q = 2*j + 6. Suppose 19*t + 37464 = 37483. Calculate the highest common factor of t and q.
1
Suppose -14*z + 16*z - 8 = 0. Suppose -z*r = -5*y + 13, 3*y - 38 + 17 = -2*r. Suppose -r*l - 160 = -5*l. Calculate the highest common factor of 16 and l.
16
Suppose 191 - 20 = 3*b. Let m = 10347 + -9435. Calculate the greatest common factor of b and m.
57
Let r = 291 + 53. What is the highest common factor of 6 and r?
2
Let k = 313 - 311. Suppose 3*l - 66 - 71 = 4*u, -146 = -4*l - k*u. Calculate the highest common divisor of 9 and l.
3
Let v be (14/42)/((-7)/(-2310)). Let p be -1 + (227 - 3)/4. Calculate the highest common divisor of v and p.
55
Let s = 593 - -5. Suppose -2*n = n - 78. What is the greatest common divisor of s and n?
26
Let h be (35239/4 - -11)*-12*(-12)/54. What is the greatest common factor of h and 76?
38
Let f(x) = 3*x**2 + 14*x + 13. Suppose -59 = 11*r - 4. Let z be f(r). Calculate the greatest common factor of z and 6.
6
Let s = 13452 + -4184. Calculate the greatest common divisor of 14 and s.
14
Let m = -5039 + 5535. Calculate the greatest common divisor of 186 and m.
62
Suppose 236*u = 261*u - 37125. Calculate the highest common divisor of 110 and u.
55
Let w be (-6)/7 - 30762*-1*(-36)/(-168). What is the highest common factor of 234 and w?
39
Let f(c) = -c + 46. Let s be f(42). Let r be ((-19159)/(-46))/(2/s). What is the highest common factor of r and 17?
17
Suppose -2*c + 24 = 2*p, 4*c = 22*p - 21*p + 18. Let x(n) = 3*n - 2. Let j be x(2). Let g be (-2)/((j/3)/(-2)). Calculate the highest common divisor of g and c.
3
Let g be (-136)/(-6) + (-1)/(-3). Let u(n) = -2*n**2 + 22*n + 1045. Let q be u(-18). What is the greatest common factor of g and q?
1
Let n(u) = -2*u**2 + 63*u - 69. Let q be n(21). Calculate the highest common divisor of q and 3627.
93
Let n(p) = -p**2 - 32*p - 128. Let t be n(-22). Let m(w) = 56*w - 30. Let a be m(3). What is the highest common divisor of t and a?
46
Let v be 9/(-1)*36/27 - -4. Let i(f) = f**2 + 5*f - 3. Let o be i(v). Calculate the greatest common factor of 168 and o.
21
Let d(i) = 1320*i**3 - 2*i**2 + 2. Let o = -121 - -120. Let f be d(o). Let s be ((-5)/(-10))/((-5)/f). Calculate the greatest common divisor of s and 33.
33
Let n = -1749 + 3804. Suppose -13*q + n = -1325. Calculate the highest common divisor of q and 52.
52
Let k(y) = y + 7. Let g be k(-4). Let c(l) = 4*l**3 + 2*l**2 + 5*l - 3. Let p be c(g). Suppose -p - 32 = -5*f. Calculate the greatest common factor of f and 17.
17
Suppose 5*z - 30 = 0, -3*j + 321*z - 322*z = -1836. What is the greatest common factor of j and 25?
5
Let o be 1/(2/46*-1). Let k = 1144 + -1110. Let u = o + k. What is the greatest common factor of u and 22?
11
Let w(b) be the first derivative of 8*b**3/3 - 5*b**2/2 - 45*b + 67. Let z be w(7). Calculate the highest common divisor of 117 and z.
39
Suppose 222*o - 333663 = 20*o + 359399. What is the greatest common factor of 376 and o?
47
Let j = 10907 - 10875. Let v be ((-12)/(-5))/((-6)/(-440)). Calculate the highest common factor of j and v.
16
Suppose -4*g = 2*s - 324, 2*g + 5*s = -0*s + 162. Let a = 14671 + -14662. Calculate the greatest common divisor of a and g.
9
Suppose -1 + 3 = 2*f. Suppose 2*q - 77*m = -72*m + 3, 32 = 3*q - 2*m. Calculate the greatest common divisor of q and f.
1
Let t be (4/(-20) - 444/(-30)) + (-18)/30. What is the greatest common factor of 2240 and t?
14
Let x = 18 + 1. Let o be (-16 + 19)*x/1. Calculate the greatest common factor of 9 and o.
3
Let m be (-853037)/(-678) + (-44)/(-24) + -2. What is the highest common divisor of m and 148?
74
Let l = 11899 + -11747. Calculate the highest common factor of 7106 and l.
38
Suppose -7843 = 5*z - 1138. Let m be 298/z - (0 - (-56)/(-9)). Let o(f) = f**2 + 4*f + 1. Let y be o(-5). What is the greatest common divisor of m and y?
6
Let t(b) = -b + 15. Let w be -5 + (1 + -1 - (-1 - 1)). Let m be -5 - ((0 - w) + -1). Let h be t(m). What is the greatest common divisor of 33 and h?
11
Let r(t) = 14*t**2 - 8*t - t**3 - 6 + 1 - 4 + 4. Let l be r(13). Suppose 0 = u - 2*m - 4, 6*u + 3*m - l = 2*u. What is the greatest common divisor of 4 and u?
4
Let v(u) = 68*u**2 + 141*u + 1738. Let d be v(-11). Calculate the highest common factor of d and 11.
11
Suppose 0 = -11*t + 14*t - 2*g - 2901, -2*g - 1932 = -2*t. Calculate the highest common divisor of t and 357.
51
Suppose -3*v + 3*f + 9 = 0, -2*f = 2*v + 3 - 25. Let s be 1083/18 + (v/6)/(-7). Calculate the greatest common factor of 40 and s.
20
Let a = 4281 - 3449. Calculate the highest common divisor of 1560 and a.
104
Let x(h) = 43*h - 31. Let y be x(7). Suppose -3*d = 3*k - y, 6*k - 184 = 4*k - 4*d. Calculate the highest common factor of k and 22.
22
Let g be ((-10)/20)/((-2)/68). Suppose -44 = -2*c - t, -t = -3*c + 59 + g. Calculate the highest common divisor of 120 and c.
24
Let r be ((-624)/936)/((-49)/48 - -1). Let z be ((-4)/7)/((-8)/28). Calculate the highest common factor of z and r.
2
Let h = -4924 - -5280. Calculate the highest common factor of h and 2581.
89
Let h = 7392 - 6555. Calculate the greatest common divisor of h and 216.
27
Suppose 80*z - 501189 = -101*z. What is the highest common factor of z and 39?
39
Let n(m) = m + m + 2*m**3 - 33 + 39 + 2*m**2. Let a be n(3). What is the highest common divisor of 196 and a?
28
Let b(z) = 18*z - 31. Let c be b(11). Let q(v) = 107 - 9*v - v - c. Let f be q(-11). What is the highest common factor of f and 250?
50
Let t(q) = -8*q**2 - q**3 + 4 + 2*q - 21 - 7*q. Let n be t(-8). Suppose -15